{"id":21,"date":"2025-06-05T17:29:31","date_gmt":"2025-06-05T17:29:31","guid":{"rendered":"https:\/\/climaclever.cl\/?page_id=21"},"modified":"2025-06-05T17:42:47","modified_gmt":"2025-06-05T17:42:47","slug":"about","status":"publish","type":"page","link":"https:\/\/climaclever.cl\/?page_id=21","title":{"rendered":"About"},"content":{"rendered":"\n<div class=\"wp-block-uagb-container uagb-block-a2b3fcc4 alignfull uagb-is-root-container\"><div class=\"uagb-container-inner-blocks-wrap\">\n<div class=\"wp-block-uagb-advanced-heading uagb-block-b49651cf\"><h1 class=\"uagb-heading-text\">Nuestra Historia<\/h1><p class=\"uagb-desc-text\">Clima Clever nace de la pasi\u00f3n por ofrecer soluciones efectivas en refrigeraci\u00f3n y climatizaci\u00f3n, garantizando el confort y la calidad en la industria alimentaria en Chile.<\/p><\/div>\n<\/div><\/div>\n\n\n\n<div class=\"wp-block-uagb-container uagb-block-9e84cdc4 alignfull uagb-is-root-container\"><div class=\"uagb-container-inner-blocks-wrap\">\n<div class=\"wp-block-uagb-container uagb-block-a2013e3d\">\n<div class=\"wp-block-uagb-image alignleft uagb-block-f3be6002 wp-block-uagb-image--layout-default wp-block-uagb-image--effect-static wp-block-uagb-image--align-left\"><figure class=\"wp-block-uagb-image__figure\"><img decoding=\"async\" srcset=\"https:\/\/climaclever.cl\/wp-content\/uploads\/2025\/06\/flat-interior-with-table-with-chairs-near-open-kitchen-6899350.jpeg ,https:\/\/climaclever.cl\/wp-content\/uploads\/2025\/06\/flat-interior-with-table-with-chairs-near-open-kitchen-6899350.jpeg 780w, https:\/\/climaclever.cl\/wp-content\/uploads\/2025\/06\/flat-interior-with-table-with-chairs-near-open-kitchen-6899350.jpeg 360w\" sizes=\"auto, (max-width: 480px) 150px\" src=\"https:\/\/climaclever.cl\/wp-content\/uploads\/2025\/06\/flat-interior-with-table-with-chairs-near-open-kitchen-6899350.jpeg\" alt=\"\" class=\"uag-image-966\" width=\"560\" height=\"500\" title=\"\" loading=\"lazy\" role=\"img\"\/><\/figure><\/div>\n<\/div>\n\n\n\n<div class=\"wp-block-uagb-container uagb-block-158aba44\">\n<div class=\"wp-block-uagb-advanced-heading uagb-block-844f4164\"><h2 class=\"uagb-heading-text\">Conozca m\u00e1s sobre nosotros<\/h2><p class=\"uagb-desc-text\">Con a\u00f1os de experiencia en el sector, Clima Clever se ha convertido en un referente en refrigeraci\u00f3n y climatizaci\u00f3n. Nuestro compromiso es asegurar la satisfacci\u00f3n de nuestros clientes a trav\u00e9s de un servicio excepcional.<\/p><\/div>\n\n\n\n<div class=\"wp-block-uagb-container uagb-block-6c0b9f64\">\n<div class=\"wp-block-uagb-counter uagb-block-10979aef wp-block-uagb-counter--number\"><div class=\"wp-block-uagb-counter__number\"><span class=\"uagb-counter-block-number\" data-duration=\"1.5\" data-to-value=\"10\" data-from-value=\"0\" data-delimiter=\",\"><\/span><span class=\"uagb-counter-block-suffix\">+<\/span><\/div><div class=\"wp-block-uagb-counter__title\">A\u00f1os de experiencia<\/div><\/div>\n\n\n\n<div class=\"wp-block-uagb-counter uagb-block-793ba774 wp-block-uagb-counter--number\"><div class=\"wp-block-uagb-counter__number\"><span class=\"uagb-counter-block-number\" data-duration=\"1.5\" data-to-value=\"5\" data-from-value=\"0\" data-delimiter=\",\"><\/span><span class=\"uagb-counter-block-suffix\">+<\/span><\/div><div class=\"wp-block-uagb-counter__title\">Miembros del equipo<\/div><\/div>\n\n\n\n<div class=\"wp-block-uagb-counter uagb-block-1fb05ceb wp-block-uagb-counter--number\"><div class=\"wp-block-uagb-counter__number\"><span class=\"uagb-counter-block-number\" data-duration=\"1.5\" data-to-value=\"100\" data-from-value=\"0\" data-delimiter=\",\"><\/span><span class=\"uagb-counter-block-suffix\">+<\/span><\/div><div class=\"wp-block-uagb-counter__title\">Clientes<\/div><\/div>\n<\/div>\n\n\n\n<div class=\"wp-block-uagb-buttons uagb-buttons__outer-wrap uagb-btn__default-btn uagb-btn-tablet__default-btn uagb-btn-mobile__default-btn uagb-block-f1e4eb8d\"><div class=\"uagb-buttons__wrap uagb-buttons-layout-wrap \">\n<div class=\"wp-block-uagb-buttons-child uagb-buttons__outer-wrap uagb-block-a14d830a wp-block-button\"><div class=\"uagb-button__wrapper\"><a class=\"uagb-buttons-repeater wp-block-button__link\" aria-label=\"\" href=\"contact\/\" rel=\"follow noopener\" target=\"_self\" role=\"button\"><div class=\"uagb-button__link\">Obtener un presupuesto<\/div><\/a><\/div><\/div>\n<\/div><\/div>\n<\/div>\n<\/div><\/div>\n\n\n\n<div class=\"wp-block-uagb-container uagb-block-51ea8a6b alignfull uagb-is-root-container\"><\/div>\n\n\n\n<div class=\"wp-block-uagb-container uagb-block-967ef5ef alignfull uagb-is-root-container\"><div class=\"uagb-container-inner-blocks-wrap\">\n<div class=\"wp-block-uagb-container uagb-block-61b8a511\">\n<div class=\"wp-block-uagb-info-box uagb-block-69e857c1 uagb-infobox__content-wrap  uagb-infobox-icon-above-title uagb-infobox-image-valign-top\"><div class=\"uagb-ifb-content\"><div class=\"uagb-ifb-title-wrap\"><span class=\"uagb-ifb-title-prefix\">Nuestra Misi\u00f3n<\/span><h3 class=\"uagb-ifb-title\">Compromiso con la excelencia<\/h3><\/div><p class=\"uagb-ifb-desc\">Nuestra misi\u00f3n es proporcionar soluciones de refrigeraci\u00f3n y climatizaci\u00f3n eficientes, asegurando la comodidad de nuestros clientes con productos y servicios de la m\u00e1s alta calidad y confiabilidad.<\/p><\/div><\/div>\n\n\n\n<div class=\"wp-block-uagb-image alignleft uagb-block-7912137e wp-block-uagb-image--layout-default wp-block-uagb-image--effect-static wp-block-uagb-image--align-left\"><figure class=\"wp-block-uagb-image__figure\"><img decoding=\"async\" srcset=\"https:\/\/climaclever.cl\/wp-content\/uploads\/2025\/06\/man-using-power-drill-in-workshop-setting-32391507.jpeg \" sizes=\"auto, (max-width: 480px) 150px\" src=\"https:\/\/climaclever.cl\/wp-content\/uploads\/2025\/06\/man-using-power-drill-in-workshop-setting-32391507.jpeg\" alt=\"\" class=\"uag-image-954\" width=\"560\" height=\"311\" title=\"\" loading=\"lazy\" role=\"img\"\/><\/figure><\/div>\n<\/div>\n\n\n\n<div class=\"wp-block-uagb-container uagb-block-e2113914\">\n<div class=\"wp-block-uagb-info-box uagb-block-af0b05be uagb-infobox__content-wrap  uagb-infobox-icon-above-title uagb-infobox-image-valign-top\"><div class=\"uagb-ifb-content\"><div class=\"uagb-ifb-title-wrap\"><span class=\"uagb-ifb-title-prefix\">Nuestros Objetivos<\/span><h3 class=\"uagb-ifb-title\">Orientados al cliente<\/h3><\/div><p class=\"uagb-ifb-desc\">Nuestro objetivo es liderar el mercado brindando un servicio personalizado, innovando constantemente y manteniendo un enfoque en la satisfacci\u00f3n total de nuestros clientes en cada interacci\u00f3n.<\/p><\/div><\/div>\n\n\n\n<div class=\"wp-block-uagb-image alignleft uagb-block-eaefddda wp-block-uagb-image--layout-default wp-block-uagb-image--effect-static wp-block-uagb-image--align-left\"><figure class=\"wp-block-uagb-image__figure\"><img decoding=\"async\" srcset=\"https:\/\/climaclever.cl\/wp-content\/uploads\/2025\/06\/aerial-view-of-industrial-building-roof-30118609.jpeg \" sizes=\"auto, (max-width: 480px) 150px\" src=\"https:\/\/climaclever.cl\/wp-content\/uploads\/2025\/06\/aerial-view-of-industrial-building-roof-30118609.jpeg\" alt=\"\" class=\"uag-image-953\" width=\"560\" height=\"311\" title=\"\" loading=\"lazy\" role=\"img\"\/><\/figure><\/div>\n<\/div>\n<\/div><\/div>\n\n\n\n<div class=\"wp-block-uagb-container uagb-block-74795b04 alignfull uagb-is-root-container\"><div class=\"uagb-container-inner-blocks-wrap\">\n<div class=\"wp-block-uagb-info-box uagb-block-00f0b231 uagb-infobox__content-wrap  uagb-infobox-icon-above-title uagb-infobox-image-valign-top\"><div class=\"uagb-ifb-content\"><div class=\"uagb-ifb-title-wrap\"><h2 class=\"uagb-ifb-title\">\u00a1Da el Primer Paso hoy!<\/h2><\/div><\/div><\/div>\n\n\n\n<div class=\"wp-block-uagb-buttons uagb-buttons__outer-wrap uagb-btn__default-btn uagb-btn-tablet__default-btn uagb-btn-mobile__default-btn uagb-block-32003b56\"><div class=\"uagb-buttons__wrap uagb-buttons-layout-wrap \">\n<div class=\"wp-block-uagb-buttons-child uagb-buttons__outer-wrap uagb-block-85cf7f71 wp-block-button\"><div class=\"uagb-button__wrapper\"><a class=\"uagb-buttons-repeater wp-block-button__link\" aria-label=\"\" href=\"\/contact\/\" rel=\"follow noopener\" target=\"_self\" role=\"button\"><div class=\"uagb-button__link\">Cont\u00e1ctanos Ahora<\/div><\/a><\/div><\/div>\n<\/div><\/div>\n<\/div><\/div>\n","protected":false},"excerpt":{"rendered":"<p>Nuestra Historia Clima Clever nace de la pasi\u00f3n por ofrecer soluciones efectivas en refrigeraci\u00f3n y climatizaci\u00f3n, garantizando el confort y [&hellip;]<\/p>\n","protected":false},"author":6,"featured_media":0,"parent":0,"menu_order":0,"comment_status":"closed","ping_status":"closed","template":"","meta":{"_uag_custom_page_level_css":"","site-sidebar-layout":"default","site-content-layout":"","ast-site-content-layout":"full-width-container","site-content-style":"default","site-sidebar-style":"default","ast-global-header-display":"","ast-banner-title-visibility":"disabled","ast-main-header-display":"","ast-hfb-above-header-display":"","ast-hfb-below-header-display":"","ast-hfb-mobile-header-display":"","site-post-title":"","ast-breadcrumbs-content":"","ast-featured-img":"","footer-sml-layout":"","ast-disable-related-posts":"","theme-transparent-header-meta":"default","adv-header-id-meta":"","stick-header-meta":"","header-above-stick-meta":"","header-main-stick-meta":"","header-below-stick-meta":"","astra-migrate-meta-layouts":"","ast-page-background-enabled":"default","ast-page-background-meta":{"desktop":{"background-color":"var(--ast-global-color-4)","background-image":"","background-repeat":"repeat","background-position":"center center","background-size":"auto","background-attachment":"scroll","background-type":"","background-media":"","overlay-type":"","overlay-color":"","overlay-opacity":"","overlay-gradient":""},"tablet":{"background-color":"","background-image":"","background-repeat":"repeat","background-position":"center center","background-size":"auto","background-attachment":"scroll","background-type":"","background-media":"","overlay-type":"","overlay-color":"","overlay-opacity":"","overlay-gradient":""},"mobile":{"background-color":"","background-image":"","background-repeat":"repeat","background-position":"center center","background-size":"auto","background-attachment":"scroll","background-type":"","background-media":"","overlay-type":"","overlay-color":"","overlay-opacity":"","overlay-gradient":""}},"ast-content-background-meta":{"desktop":{"background-color":"var(--ast-global-color-5)","background-image":"","background-repeat":"repeat","background-position":"center center","background-size":"auto","background-attachment":"scroll","background-type":"","background-media":"","overlay-type":"","overlay-color":"","overlay-opacity":"","overlay-gradient":""},"tablet":{"background-color":"var(--ast-global-color-5)","background-image":"","background-repeat":"repeat","background-position":"center center","background-size":"auto","background-attachment":"scroll","background-type":"","background-media":"","overlay-type":"","overlay-color":"","overlay-opacity":"","overlay-gradient":""},"mobile":{"background-color":"var(--ast-global-color-5)","background-image":"","background-repeat":"repeat","background-position":"center center","background-size":"auto","background-attachment":"scroll","background-type":"","background-media":"","overlay-type":"","overlay-color":"","overlay-opacity":"","overlay-gradient":""}},"footnotes":""},"class_list":["post-21","page","type-page","status-publish","hentry"],"uagb_featured_image_src":{"full":false,"thumbnail":false,"medium":false,"medium_large":false,"large":false,"1536x1536":false,"2048x2048":false},"uagb_author_info":{"display_name":"uw05ibezngl8","author_link":"https:\/\/climaclever.cl\/?author=6"},"uagb_comment_info":0,"uagb_excerpt":"Nuestra Historia Clima Clever nace de la pasi\u00f3n por ofrecer soluciones efectivas en refrigeraci\u00f3n y climatizaci\u00f3n, garantizando el confort y [&hellip;]","_links":{"self":[{"href":"https:\/\/climaclever.cl\/index.php?rest_route=\/wp\/v2\/pages\/21","targetHints":{"allow":["GET"]}}],"collection":[{"href":"https:\/\/climaclever.cl\/index.php?rest_route=\/wp\/v2\/pages"}],"about":[{"href":"https:\/\/climaclever.cl\/index.php?rest_route=\/wp\/v2\/types\/page"}],"author":[{"embeddable":true,"href":"https:\/\/climaclever.cl\/index.php?rest_route=\/wp\/v2\/users\/6"}],"replies":[{"embeddable":true,"href":"https:\/\/climaclever.cl\/index.php?rest_route=%2Fwp%2Fv2%2Fcomments&post=21"}],"version-history":[{"count":2,"href":"https:\/\/climaclever.cl\/index.php?rest_route=\/wp\/v2\/pages\/21\/revisions"}],"predecessor-version":[{"id":983,"href":"https:\/\/climaclever.cl\/index.php?rest_route=\/wp\/v2\/pages\/21\/revisions\/983"}],"wp:attachment":[{"href":"https:\/\/climaclever.cl\/index.php?rest_route=%2Fwp%2Fv2%2Fmedia&parent=21"}],"curies":[{"name":"wp","href":"https:\/\/api.w.org\/{rel}","templated":true}]}}